he remainder when 95974 is divided by 344.
342
What is the remainder when 31150 is divided by 3458?
28
What is the remainder when 18981 is divided by 113?
110
Calculate the remainder when 10392 is divided by 231.
228
What is the remainder when 21423 is divided by 103?
102
Calculate the remainder when 3132 is divided by 520.
12
What is the remainder when 18624 is divided by 149?
148
What is the remainder when 177 is divided by 62?
53
Calculate the remainder when 60528 is divided by 184.
176
Calculate the remainder when 15307 is divided by 42.
19
Calculate the remainder when 148980 is divided by 19.
1
Calculate the remainder when 94663 is divided by 471.
463
Calculate the remainder when 83814 is divided by 27902.
108
Calculate the remainder when 37960 is divided by 542.
20
What is the remainder when 1588 is divided by 20?
8
What is the remainder when 2354 is divided by 290?
34
Calculate the remainder when 75143 is divided by 18.
11
What is the remainder when 1662 is divided by 231?
45
Calculate the remainder when 909 is divided by 186.
165
Calculate the remainder when 3973 is divided by 946.
189
Calculate the remainder when 9062623 is divided by 13.
11
What is the remainder when 1212 is divided by 204?
192
Calculate the remainder when 167919 is divided by 27985.
9
What is the remainder when 17350 is divided by 155?
145
What is the remainder when 5188 is divided by 272?
20
Calculate the remainder when 22886 is divided by 14.
10
Calculate the remainder when 4722 is divided by 424.
58
What is the remainder when 2478 is divided by 613?
26
Calculate the remainder when 4146 is divided by 549.
303
Calculate the remainder when 43359 is divided by 33.
30
What is the remainder when 3210692 is divided by 118914?
14
What is the remainder when 52518 is divided by 5828?
66
What is the remainder when 1648 is divided by 1409?
239
Calculate the remainder when 1067251 is divided by 150.
1
Calculate the remainder when 660559 is divided by 406.
403
Calculate the remainder when 80767 is divided by 8960.
127
Calculate the remainder when 211259 is divided by 52.
35
What is the remainder when 8478 is divided by 4229?
20
What is the remainder when 1042431 is divided by 512?
511
Calculate the remainder when 1325314 is divided by 331328.
2
What is the remainder when 48 is divided by 15?
3
Calculate the remainder when 13525 is divided by 109.
9
What is the remainder when 16819 is divided by 1391?
127
What is the remainder when 24519 is divided by 644?
47
Calculate the remainder when 27400 is divided by 6849.
4
What is the remainder when 2970 is divided by 740?
10
Calculate the remainder when 83312 is divided by 27747.
71
Calculate the remainder when 7280 is divided by 485.
5
Calculate the remainder when 11734 is divided by 36.
34
What is the remainder when 28881 is divided by 166?
163
Calculate the remainder when 36080 is divided by 291.
287
What is the remainder when 47716 is divided by 476?
116
What is the remainder when 1459288 is divided by 14?
12
What is the remainder when 37457 is divided by 37447?
10
Calculate the remainder when 107435 is divided by 21.
20
Calculate the remainder when 140414 is divided by 55.
54
Calculate the remainder when 38947 is divided by 36.
31
Calculate the remainder when 106643 is divided by 15234.
5
Calculate the remainder when 44007 is divided by 667.
652
What is the remainder when 4317 is divided by 138?
39
Calculate the remainder when 993843 is divided by 13.
6
Calculate the remainder when 91962 is divided by 3284.
10
What is the remainder when 12714 is divided by 220?
174
Calculate the remainder when 4362 is divided by 1071.
78
Calculate the remainder when 36033 is divided by 364.
361
Calculate the remainder when 4038 is divided by 51.
9
Calculate the remainder when 1685473 is divided by 297.
295
Calculate the remainder when 637037 is divided by 20.
17
What is the remainder when 32489 is divided by 78?
41
What is the remainder when 50775 is divided by 140?
95
Calculate the remainder when 58658 is divided by 42.
26
Calculate the remainder when 2258 is divided by 2226.
32
Calculate the remainder when 400 is divided by 249.
151
What is the remainder when 30919 is divided by 10301?
16
Calculate the remainder when 46204 is divided by 7.
4
What is the remainder when 5097 is divided by 68?
65
Calculate the remainder when 1177 is divided by 1152.
25
Calculate the remainder when 334407 is divided by 30.
27
Calculate the remainder when 143463 is divided by 23.
12
What is the remainder when 312366 is divided by 682?
10
Calculate the remainder when 193810 is divided by 75.
10
Calculate the remainder when 27526 is divided by 810.
796
What is the remainder when 362 is divided by 66?
32
What is the remainder when 13101 is divided by 2617?
16
What is the remainder when 763817 is divided by 76?
17
Calculate the remainder when 325030 is divided by 136.
126
What is the remainder when 19247 is divided by 98?
39
What is the remainder when 37792 is divided by 497?
20
Calculate the remainder when 43896 is divided by 21941.
14
Calculate the remainder when 185377 is divided by 155.
152
What is the remainder when 857 is divided by 250?
107
What is the remainder when 3558 is divided by 89?
87
What is the remainder when 4673 is divided by 55?
53
Calculate the remainder when 23106 is divided by 216.
210
What is the remainder when 6207 is divided by 92?
43
Calculate the remainder when 448 is divided by 3.
1
Calculate the remainder when 11856 is divided by 97.
22
Calculate the remainder when 3022 is divided by 961.
139
Calculate the remainder when 3584762 is divided by 819.
818
Calculate the remainder when 16533 is divided by 5.
3
What is the remainder when 340794 is divided by 21?
6
Calculate the remainder when 26308 is divided by 129.
121
Calculate the remainder when 105011 is divided by 38.
17
Calculate the remainder when 195524 is divided by 57.
14
Calculate the remainder when 91314 is divided by 95.
19
Calculate the remainder when 79007 is divided by 9874.
15
Calculate the remainder when 11596 is divided by 541.
235
What is the remainder when 15635 is divided by 917?
46
Calculate the remainder when 162559 is divided by 81264.
31
What is the remainder when 6542 is divided by 1869?
935
What is the remainder when 374242 is divided by 56?
50
Calculate the remainder when 657171 is divided by 568.
563
Calculate the remainder when 20614 is divided by 109.
13
What is the remainder when 24504 is divided by 44?
40
Calculate the remainder when 53069 is divided by 7521.
422
Calculate the remainder when 88883 is divided by 328.
323
What is the remainder when 536213 is divided by 97?
94
What is the remainder when 47109 is divided by 15694?
27
What is the remainder when 60647 is divided by 20215?
2
Calculate the remainder when 81171 is divided by 27056.
3
What is the remainder when 26170 is divided by 123?
94
Calculate the remainder when 42931 is divided by 11.
9
Calculate the remainder when 4523 is divided by 29.
28
What is the remainder when 14687 is divided by 18?
17
Calculate the remainder when 20408 is divided by 10200.
8
Calculate the remainder when 346821 is divided by 439.
11
Calculate the remainder when 653 is divided by 21.
2
What is the remainder when 334743 is divided by 111578?
9
What is the remainder when 802 is divided by 131?
16
What is the remainder when 110457 is divided by 12271?
18
Calculate the remainder when 3909 is divided by 23.
22
What is the remainder when 66659 is divided by 44?
43
Calculate the remainder when 3257 is divided by 1620.
17
What is the remainder when 10171 is divided by 46?
5
What is the remainder when 149014 is divided by 134?
6
What is the remainder when 21997 is divided by 944?
285
Calculate the remainder when 7203 is divided by 270.
183
What is the remainder when 44266 is divided by 1701?
40
Calculate the remainder when 2000 is divided by 24.
8
Calculate the remainder when 14092 is divided by 172.
160
Calculate the remainder when 34254 is divided by 926.
918
Calculate the remainder when 19034 is divided by 32.
26
Calculate the remainder when 86164 is divided by 14359.
10
What is the remainder when 9804 is divided by 3101?
501
What is the remainder when 24673 is divided by 2242?
11
What is the remainder when 322037 is divided by